 k.
2, 3
Let p(o) = 2*o**2 - 5*o - 8. Let f be p(7). Suppose -19 = 4*r - f. List the prime factors of r.
3
Let x(d) = -d**2 + 9*d - 12. Let r be x(8). What are the prime factors of (-9)/r*32/6?
2, 3
Suppose -f + n = -149, 4*f + n - 593 = 4*n. Suppose -d = -5*p - 0*d + 149, f = 5*p - 4*d. Let u = p + -21. What are the prime factors of u?
3
Let l = 10 + 25. Suppose -4*a + l = a. What are the prime factors of a?
7
Let d(g) = -g**3 - 12*g**2 - 3*g + 8. What are the prime factors of d(-12)?
2, 11
Let f = 43 + -28. Suppose -6*l + 3*l = -3*u + f, 2*u + 5*l = -11. Suppose u*p = -p + 36. What are the prime factors of p?
2, 3
Let r(k) = k**3 - 6*k**2 + 3. Let u be r(6). Suppose -u*q + 2*q + 2 = 0. List the prime factors of q.
2
Let l(t) = t**2 + 6*t - 4. Let i be (-72)/(-33) - (-6)/(-33). Suppose -2*p - 5*u = -u - i, 33 = -3*p + 3*u. List the prime factors of l(p).
3
Let o(t) = 2*t - 11. Suppose -12 = -b - 3. What are the prime factors of o(b)?
7
Suppose 161 = 2*p + w + 32, 0 = p + 2*w - 57. What are the prime factors of p?
67
Let q = -88 + 105. List the prime factors of q.
17
Let u(x) = 2*x**2 + 4*x + 2. Let h be u(-2). Suppose 5*d - 4*p = -0*d + 47, h*d = 5*p + 12. What are the prime factors of d?
11
Let v(g) = g**3 + 6*g**2 - 2*g + 3. What are the prime factors of v(-6)?
3, 5
Let w be (-125)/(1*(0 + -1)). Let d be w/(-20) - (-1)/4. List the prime factors of ((-4)/d)/(4/36).
2, 3
Let c = 565 + -397. List the prime factors of c.
2, 3, 7
Suppose 4*o + p - 3*p = 552, -o = -p - 140. List the prime factors of o.
2, 17
Let a be 9/(-6)*(-88)/6. Let z(v) = 5*v**2 - v. Let s be z(-1). Let u = a - s. What are the prime factors of u?
2
Let c = -168 + 297. List the prime factors of c.
3, 43
Suppose 10*m - 6*m = 4. List the prime factors of m/(-3 - 76/(-24)).
2, 3
Suppose 2*z - 2*b - 70 = 0, 4*z + 3*b = 2 + 173. What are the prime factors of (4 + -10)*z/(-6)?
2, 5
Let m(f) = -4*f + 9. What are the prime factors of m(-13)?
61
Let h(g) = 2*g**3 - 2*g**2 - g + 3. What are the prime factors of h(2)?
3
Suppose -2*p = -3*x - 4, -3*x - p + 3 = 1. What are the prime factors of (3/6 - x)*60?
2, 3, 5
Let j(q) = -q**3 + 9*q**2 - 3*q - 13. Let v be j(9). Let a = -25 - v. Let r = a - 4. List the prime factors of r.
11
Suppose 3*h = h + 54. Suppose 3*m + 0*m - h = 0. What are the prime factors of 3/((m/(-12))/(-3))?
2, 3
Let p = -12 - -23. Suppose -p = 5*k - 106. What are the prime factors of k?
19
Let q be 2/7 - 4/14. Let h be (-1 + 3 - q)/2. What are the prime factors of 21/6 + h/(-2)?
3
Let u(t) = 2*t**3 - 2*t**2 - 5*t. Let f(v) = -v**3 + 2*v**2 + 6*v. Let m(s) = 6*f(s) + 7*u(s). Let h be 2/(-8) - (-20)/16. What are the prime factors of m(h)?
7
Suppose -4*a + 217 = -d - 262, 0 = -3*a - 3*d + 378. What are the prime factors of a?
11
Let x = 16 - -2. What are the prime factors of x?
2, 3
Suppose -u + 16 + 26 = 0. Suppose -6 = 3*p - u. List the prime factors of p.
2, 3
What are the prime factors of -3*(-2 - 350/15)?
2, 19
Let o(z) = -3*z**2 - 6*z + 7. Let w(s) = -6*s**2 - 11*s + 13. Let i(b) = 11*o(b) - 6*w(b). What are the prime factors of i(-3)?
2, 13
What are the prime factors of (-4)/(-7) - (-4304)/112?
3, 13
Suppose 2*f = 0, -5*f + 110 = 5*s - 40. List the prime factors of s.
2, 3, 5
Suppose -10 - 26 = -2*o. List the prime factors of o.
2, 3
Let t(b) = -b - 7. Let x be t(-9). Let l(v) = -18*v. Let y be l(x). List the prime factors of (-4)/18 + (-152)/y.
2
Suppose -3*n + 4*d + 45 = 0, d + 72 = 3*n + 6*d. Let p = n + -12. What are the prime factors of p?
7
Let l(k) = -2*k + 2. Let j be l(7). What are the prime factors of (-2 - j)*(-1)/(-2)?
5
Let w = -8 + 6. Let v = w - 18. What are the prime factors of (v/6)/((-3)/9)?
2, 5
Suppose -33 + 117 = 4*w. What are the prime factors of w?
3, 7
Let i be (-57 - (-3)/3)*-1. Suppose -2*j = 2*j - i. List the prime factors of j.
2, 7
Let x(n) be the first derivative of 3*n - 1 + 1/3*n**3 - 3/2*n**2. What are the prime factors of x(3)?
3
Suppose -r = -20 + 8. Let o(f) = 1 + r*f + 1 - 1. List the prime factors of o(1).
13
Suppose -23 = -3*n - 8. Suppose -n*x + 57 = -2*x. What are the prime factors of x?
19
List the prime factors of 51/6 + -3 + 28/8.
3
Let n(t) = -t**2 + 4*t + 6. Let c be n(5). What are the prime factors of (-1 - -1) + (c - -2)?
3
Let w = 9 - 10. List the prime factors of w + 1 + -2 + 27.
5
What are the prime factors of (48/7)/((-3)/(-21))?
2, 3
Suppose 3*r = 7*r. Suppose -3*z - 3*g = -12, z - 5*z - 3*g = -16. Suppose -2*b + z*v + 26 = r, -v = -2*b + 7*b - 10. List the prime factors of b.
3
Let h = 36 + -17. Suppose -4 = 5*c - h. What are the prime factors of c?
3
Let r be -4*3/6 - -29. Let c be 72/r*21/2. Suppose 0 = -2*y - 0*y + c. List the prime factors of y.
2, 7
Let t = 15 - 1. Let g be (-4)/t + 72/(-42). Let m(h) = -5*h - 1. List the prime factors of m(g).
3
Let i = 16 - 10. What are the prime factors of -2*(-12 + (i - 3))?
2, 3
Let c be -3 + 28*5 - -2. Suppose -4*t - c = -r - 394, 2*t + 4*r - 132 = 0. Suppose -4*n = -2*d - 2*d - t, 0 = 2*n + d - 29. List the prime factors of n.
3, 5
Let w(b) = -b - 3. Let k be w(5). Let n = k + 12. Suppose -n*l + 44 = -0*l. What are the prime factors of l?
11
Let q(b) = -b**3 - 11*b**2 - 11*b + 7. Suppose 26 = -2*f - 3*u, 2*f + u + 14 = 4*u. What are the prime factors of q(f)?
17
Suppose 0 = -4*q - 0*q + 240. Suppose -12*c = -8*c - q. List the prime factors of c.
3, 5
Let h be (8/20)/((-4)/(-20)). Suppose 0 = -3*a + h*d + 16, a + 0*a - 4*d = 2. What are the prime factors of a?
2, 3
Let i be 6/5 - 2/10. Let q be 2 + -2 + i + 1. Suppose -4*a = -4, -2*a - q = -n - 1. List the prime factors of n.
3
Let y = -26 + 47. List the prime factors of y.
3, 7
Let x be (-5 - -8)*(-3 - 0). What are the prime factors of ((-10)/45)/(1/x)?
2
What are the prime factors of -79*(20 + -21)*3*1?
3, 79
Let w(r) = 0*r**3 - r**3 - 3*r - 1 + r. Let o be w(-2). Suppose o = -2*f + 51. What are the prime factors of f?
2, 5
Let p = 27 + -42. What are the prime factors of 1*3*(-25)/p?
5
Let y = -14 - -20. Let t(v) be the first derivative of v**2/2 + 5*v - 2. What are the prime factors of t(y)?
11
Let a = 12 + 39. What are the prime factors of a?
3, 17
Let b(t) = -16*t + 2. Let z(k) = -11*k + 1. Let w(d) = -5*b(d) + 8*z(d). Let o be ((-3)/(-4))/(22/(-88)). What are the prime factors of w(o)?
2, 11
Suppose 4*t = 174 + 266. Suppose -6*o = -o - t. Suppose 0 = -3*i + 3*a - 7*a + 17, 0 = -4*i - 5*a + o. List the prime factors of i.
3
Let m be 3 + 6/(-4)*2. Suppose 2*x - 5*o - 11 = -m*o, 0 = 3*o + 3. What are the prime factors of x?
3
Let q = -24 - -8. Let p = 28 + q. What are the prime factors of p?
2, 3
Let c = -34 + 84. What are the prime factors of c?
2, 5
Let a = 69 + -13. What are the prime factors of a?
2, 7
Let w = 0 - 0. Let t = -13 + 15. Suppose -2*b - 3*b + 35 = n, -t*b + n + 7 = w. List the prime factors of b.
2, 3
Let s(c) = 3 + 4*c - 9 - 5*c - c. Let y be s(9). Let t = -11 - y. List the prime factors of t.
13
Let u = 47 + -26. Suppose 1 - u = -q. Suppose 2*v - 4 - q = 0. List the prime factors of v.
2, 3
Suppose -2*l - 2*t + 15 = 3*t, 0 = -3*l + 2*t + 13. Let f(g) = -3*g**2 - 1 - 2*g - l*g + 2*g**2. List the prime factors of f(-6).
5
Let l = -10 - -23. Suppose 2*r = 3*c + l, 2*c - 6*c = r - 23. What are the prime factors of r?
11
Let f(n) = 40*n + 1. Let c be f(2). Suppose -v + 4*v - c = 0. What are the prime factors of v?
3
Let l(t) = -t**3 - 8*t**2 + 8*t - 4. Suppose 5*i = 4*i. Suppose i = 3*m - 18 + 45. List the prime factors of l(m).
5
What are the prime factors of 22/11*5/2?
5
Let v(b) = b**2 + 3*b + 3. Let z be v(-3). Let k = z - -5. Let q(w) = w**2 - 8*w + 4. What are the prime factors of q(k)?
2
Let v(t) = 2*t + 5. Let m be v(-4). List the prime factors of 6 - (m + -1 + 3).
7
List the prime factors of -1*((2 - -3) + -28).
23
Suppose 9*k = 4*k + 20. What are the prime factors of k?
2
Let o be 1*-2 + (3 - 1). Let m = o + 10. List the prime factors of m.
2, 5
Suppose 2*d + b = 6*d - 322, -84 = -d + 2*b. List the prime factors of d.
2, 5
Let w be 264/10 - (-6)/(-15). Let t = w + -16. Suppose 3*u = n - 14, -3*u - 12 = -2*n + t. List the prime factors of n.
2
Let n = -40 - -9. Let u = 65 + -19. Let z = u + n. List the prime factors of z.
3, 5
Let d be (-3)/(3*2/8). Let g be 1*(-7 - 0)*1. Let w = d - g. 